(17/(-51))/((-1)/39)?
12
Let u be (-20)/(-28) + (-2)/(-7). Let f(o) = 3*o. Let p be f(u). Suppose 5*q + 20 = 0, p*q + 0*q = 3*d - 24. Calculate the remainder when d is divided by 3.
1
Let n = -136 - -140. What is the remainder when n is divided by 4?
0
Let v be 3/5 - 9/15. Suppose v = -0*l - 5*l - a + 24, 5*a = 2*l + 12. What is the remainder when 28 is divided by l - 3 - 3*-3?
8
Let p = -1 - -3. Suppose -11 = -p*i + 2*c - 7*c, 0 = 2*i - 4*c - 2. Let o(h) = 2*h + 2. Calculate the remainder when 23 is divided by o(i).
7
Let i(j) = j**3 - 9*j**2 + 15*j + 14. Calculate the remainder when 123 is divided by i(7).
18
Let z be -2 + 0 + 0/3. Calculate the remainder when 3 is divided by (1/(-4))/(z/8).
0
Let a = 166 + -150. Calculate the remainder when 143 is divided by a.
15
Suppose -r - 7 + 4 = 0. What is the remainder when 2 is divided by r/(-9) + (-8)/(-12)?
0
Let p = 4 + -27. Let s = p - -43. Suppose -d = -3*i + d + 17, 4*d = 8. Calculate the remainder when s is divided by i.
6
Suppose 3*c + 20 = -c. Let z = c - -4. What is the remainder when 43 is divided by 13 - (-3 - z)/1?
13
Suppose -u + 0 = 3. Let s(h) = -h**2 - 6*h - 4. Suppose b = 2*w - 25, w - 4*w + 41 = 2*b. What is the remainder when w is divided by s(u)?
3
Suppose -6 - 10 = -y. Suppose 0 = 2*o - 3*a - 48, -2*a = -3*o + 5*o - 58. Suppose 0 = -w + 4*w - o. Calculate the remainder when y is divided by w.
7
Suppose 4*o - 4*i + 9*i = 8, -3*o + 3*i = -6. Suppose o*z + 1 = 7. Suppose -z*a + 2*a = -6. What is the remainder when 16 is divided by a?
4
Let v(n) = n**3 + 6*n**2 - n + 5. Let k be (41 + 1)*(0 + 1). Calculate the remainder when k/(-4)*(-8 + 6) is divided by v(-6).
10
Suppose 70 = 5*u - 3*c - 0*c, -5*u - 5*c + 110 = 0. Calculate the remainder when 49 is divided by u.
15
Let h = -273 - 339. Calculate the remainder when 37 is divided by h/(-48) - 2/(-8).
11
Let z = -9 - -12. Suppose 5*w = 4*l - 2*l + 63, -z*w - 4*l + 43 = 0. Calculate the remainder when 37 is divided by w.
11
Let t = 13 - 12. What is the remainder when t/(-3) + 931/21 is divided by 12?
8
Let i(f) = -73*f + 1. Let p be i(1). Calculate the remainder when (p/(-14))/((-1)/(-7)) is divided by 13.
10
Let k(t) = -2*t + 2. Let d be k(11). Let c = -12 - d. What is the remainder when 1*(-1 + 0) + 24 is divided by c?
7
Suppose -6*l = -40 - 50. What is the remainder when 39 is divided by l?
9
Let b = -214 - -224. Let y(g) = g**2 + g. Let x(i) = 6*i**2 + 5*i + 2. Let z(w) = x(w) - 5*y(w). What is the remainder when z(-5) is divided by b?
7
Let y = -43 - -54. What is the remainder when 53 is divided by y?
9
What is the remainder when ((-44)/10)/(2/(-10)) is divided by 6?
4
Let b = 5 + 89. What is the remainder when b is divided by 24?
22
Let u be 24/3 + (1 - -1). Let p(w) = 3*w**2 + 2*w + 1. What is the remainder when p(3) is divided by (-3)/15 + 122/u?
10
Suppose -4*h = -m - m - 128, -3*h - 2*m + 96 = 0. Suppose -2*g - 3*g + 5*s + 60 = 0, -3*g - s + h = 0. Calculate the remainder when g is divided by 3.
2
Let w(q) = 12*q - 1. Calculate the remainder when 39 is divided by w(1).
6
Let d(t) = 3*t**2 + 8*t + 2. Let r be d(-6). Suppose 0 = -q + r + 5. What is the remainder when q is divided by 23?
21
Suppose 154 = -4*z + 15*z. What is the remainder when 52 is divided by z?
10
Let c(i) = -i**3 - 13*i**2 + 14*i + 9. Suppose -32 + 137 = 3*n. Calculate the remainder when n is divided by c(-14).
8
Let d be ((-1)/2)/(1/(-24)). Suppose 4*i + 4*q - d = 0, 0 = i - 4*q + 3*q - 3. Let r(j) = j - 2. What is the remainder when r(8) is divided by i?
0
Suppose 5*h = -13 + 78. Calculate the remainder when 75 is divided by h.
10
Suppose 3*x = -5*x + 1440. Calculate the remainder when x is divided by 37.
32
Let u(v) = v**3 + 7*v**2 + 6*v - 5. What is the remainder when u(-5) is divided by 2 - -1 - -3*2?
6
Suppose -3*d - 8 - 13 = 0. Let n be 2/(-7) + (-16)/d. Let x = 9 - n. Calculate the remainder when 12 is divided by x.
5
Suppose -19 = -2*k + 45. Let g be (14/(-4) - -3)*8. What is the remainder when k is divided by (-5)/(-20) - 67/g?
15
Suppose 22 = c + n, n + 29 = c + c. What is the remainder when 78 is divided by c?
10
Suppose -m - 3*y + 78 = 2*y, -2*m - 4*y = -168. Calculate the remainder when m is divided by 30.
28
Suppose -4*l + 4*j - 54 = -5*l, j - 195 = -3*l. Suppose y + l = 4*y. Calculate the remainder when -2 - 3/((-3)/y) is divided by 11.
9
Suppose 0*j - 3*j = -12. Calculate the remainder when (184/j)/(-2 + 4) is divided by 6.
5
Let v(n) = -n**2 + 16*n + 7. Let g be v(9). Let x = g - 40. What is the remainder when x is divided by 8?
6
Suppose -13 = 4*z - 5*z. Calculate the remainder when z is divided by 3.
1
Let o = -19 - -20. What is the remainder when 1/(0 - (-1 + 0)) is divided by o?
0
Suppose 2*p + 34 = 3*p + 2*d, 3*d = -3*p + 90. Suppose w - 2*w + 65 = 4*y, -3*w + 228 = y. What is the remainder when w is divided by p?
25
Let c(l) = 14*l - 8. Calculate the remainder when c(5) is divided by 16.
14
Let c(m) = 2*m - 3. Let n be c(-4). Let k be 0 + n - (-1 - -2). Calculate the remainder when 2/3 + (-436)/k is divided by 13.
11
Let o(m) = -m**3 + 6*m**2 + 4*m + 8. Let k(l) = 3*l + 11. Calculate the remainder when o(6) is divided by k(2).
15
Let d(s) = s**3 - 7*s**2 - 8*s + 6. Calculate the remainder when 18 is divided by d(8).
0
Let u = -139 - -157. Suppose a = -5*h - 26, 4*h = a - 2*a - 20. Calculate the remainder when u is divided by (-13)/(-3) - 4/h.
3
Let f = 47 + 8. Suppose -4*u = u - f. Calculate the remainder when -1 + 2 + 20 + 0 is divided by u.
10
Let h = -183 - -213. Calculate the remainder when 106 is divided by h.
16
Suppose 2*b - 25 = 63. Calculate the remainder when b is divided by 15.
14
Let z(p) = p**2 - 4*p + 6. Calculate the remainder when 71 is divided by z(6).
17
Let b = 155 - 77. Suppose 2*s - 86 = -4*x, -x = -5*x - 4*s + 92. Calculate the remainder when b is divided by x.
18
Let o(x) = -x**2 - 9*x + 3. What is the remainder when 43 is divided by o(-8)?
10
Let r = -30 - -90. What is the remainder when r is divided by 31?
29
Let k = -28 + 39. What is the remainder when 76 is divided by k?
10
Let a = -17 - -4. Let t = 22 + a. What is the remainder when ((-2)/6)/((-2)/102) is divided by t?
8
Calculate the remainder when 11 is divided by (-2 + 1)*(-2)/6*15.
1
Let r(u) = 4*u**2 + 6*u. Let c be r(-4). Suppose 3*t = -0*t - j + 59, -2*t = j - c. What is the remainder when t is divided by 7?
5
Let i(u) = u**3 - 7*u**2 + 3*u - 1. Calculate the remainder when i(8) is divided by (32/4)/4 - -20.
21
Suppose 2*i - 3*k - 312 = 0, -5*i + 4*i = 5*k - 130. What is the remainder when 58 is divided by ((-4)/(-6))/(5/i)?
18
Suppose -5*k + 148 + 87 = 0. Let f be (1 + 0 - 0)*27. Suppose 5*a = -4*i + 25 + k, -i + a = -f. What is the remainder when i is divided by 8?
7
Let x(u) = -u**3 - 13*u**2 - 7*u - 31. Calculate the remainder when x(-13) is divided by 31.
29
Suppose -q = 4*q + 35. Let z(f) = -2*f - f**3 + 3 + 2*f**2 + 9*f - 8*f**2. What is the remainder when 4 is divided by z(q)?
1
Calculate the remainder when (33/6 - 1) + 4/8 is divided by 3.
2
Suppose 0 = 4*y + y - 30. Suppose z - y = -2. Suppose 5*g = -5*b + 80, 0 = z*g + b - 2*b - 44. Calculate the remainder when 34 is divided by g.
10
Let k be -17 - ((0 - -3) + 0). Let a = 21 + k. Suppose 7*v - 3*c = 3*v + 16, -10 = 2*v + 3*c. What is the remainder when a is divided by v?
0
Let a(w) = 3*w**3 - 2*w**2 + w + 2. Calculate the remainder when 222/3 + 4 + (-1 - -1) is divided by a(2).
18
Let g(y) = y. Let n be g(4). Suppose l = j - 5*j + 47, 5*l + 77 = n*j. What is the remainder when j is divided by 7?
6
Suppose -4*b + 3*b + 5 = 0. Let u(c) = c**3 - 5*c**2 + 4*c - 7. Calculate the remainder when u(b) is divided by ((-14)/3)/((-4)/6).
6
Suppose -17 = -5*t + 3. What is the remainder when 1 + 12 + -1 + -1 is divided by t?
3
Let m = 6 - 6. Let i = m + -5. Let g(t) = -t**3 - 3*t**2 + 6*t - 3. Calculate the remainder when g(i) is divided by 6.
5
Let k(z) = -z**2 + 9*z - 8. Let i be k(8). Let n = 10 - i. What is the remainder when 38 is divided by n?
8
Let z(b) = -12*b + 6. What is the remainder when z(-8) is divided by 15?
12
What is the remainder when 40 is divided by (-7 - -7) + 7*2?
12
Suppose -w + 2*w = 3. Suppose 5*k = 5*b - 55, 0 = 3*k - 2*k + w. What is the remainder when 22 is divided by b?